d) = -5*g(d) + 6*p(d). Let f(j) = 7*j**2 - j + 7. Let w(o) = -3*f(o) + 5*u(o). Calculate w(5).
-11
Let h be (-24)/(-18)*(0 + 21). Let w = h + -28. Suppose 4*c - 6*c = w. Let o(j) = j**3 + j + 3. What is o(c)?
3
Let y(k) = 6*k**2 - 341 - 343 + 683 + 5*k + 2*k**2 - 7*k**2. Let f be (2/4)/(2/4). Let d(z) = -2*z - 1. Let v be d(f). Determine y(v).
-7
Let p be -3*2/(-6) - -3. Suppose -3*h + 3 = -v - 2, 0 = p*h - 12. Let c(y) = -5 - y - 3 + v - y. Calculate c(-6).
8
Let t(z) = 0*z**3 - 5 + z**3 + 14*z**2 - 3*z**2 - 4*z**2 - 2*z - 3*z**2. Calculate t(-5).
-20
Let f(i) = -22*i - 60. Let y(s) = -8*s - 19. Let n(j) = -6*f(j) + 17*y(j). Determine n(9).
1
Let r(y) = 6*y**2 + 0 - 1 + 3*y - 2*y. Suppose 304*a - 311*a = -7. Give r(a).
6
Let m = -58 - -62. Let s(r) = r**2 - r + 2. Give s(m).
14
Let b(x) = 4*x**2 - 20*x + 14. Let g(d) = -d**2 + 7*d - 5. Let l(i) = -6*b(i) - 17*g(i). Determine l(-1).
-7
Let g(y) = 2*y - 9. Let n(i) = -3*i + 14. Let q(r) = 7*g(r) + 5*n(r). Calculate q(12).
-5
Let v be (-112)/(-42)*3*(-3)/6. Let g(h) = h**3 - 16*h + 4. Give g(v).
4
Let f(p) = p**2 + 24*p + 73. Let t be f(-4). Let h(a) = a**3 + 8*a**2 + 6*a - 3. Give h(t).
4
Let f = -18 - -22. Suppose j = 4*q - 0*q - f, -4 = -q + j. Let m(k) = -k**2 - k + 5. Determine m(q).
5
Suppose 4*d = -4*j + 32, 3*d = 7*d + 3*j - 34. Let u(b) = b**3 - 9*b**2 - 11*b + 13. What is u(d)?
3
Let t(j) = 6406*j + j**2 - 6404*j + j**2 + 1 + 15. Determine t(0).
16
Suppose 0 = -2*s + 3 - 1. Let z be (-45)/(-10)*4/6. Let y(m) = -m**2 + 0*m**2 - 3*m**3 - 4*m**z + m - 1. What is y(s)?
-8
Let u(d) be the third derivative of -2*d**2 + 0*d - 1/24*d**4 + 7/6*d**3 + 0. Let p be u(9). Let j(l) = -l - 1. Calculate j(p).
1
Let r(x) = x**2 + 9*x - 14. Let g be r(-10). Let q be 1/g - 147/(-28). Let l(d) = -q - 6*d + 7*d + 4. What is l(0)?
-1
Suppose -5*a + 13 - 3 = 0. Let k = 1 + 2. Let y(d) = -36*d**2 + 0*d**k + d**3 + 30*d**a + 5*d. Calculate y(5).
0
Let s(i) = i**2 - 3*i + 6. Let m(a) = -a + 1. Let x(q) = 4*m(q) - s(q). Give x(-2).
-4
Let h(x) = 3*x**2 - 1. Let f(c) = 7*c**2 - 2*c - 6. Let p(i) = -f(i) + 4*h(i). Calculate p(-2).
18
Let q be (-11 + 12 + -4)*(-22)/(-6). Let c(x) = -x**2 - 11*x + 8. Calculate c(q).
8
Let c be -4 + 2 - (0 - 2). Let z(h) be the third derivative of -h**4/24 - 7*h**3/3 - 7*h**2. Determine z(c).
-14
Let b(d) = 7*d**3 + 2*d**2 + 2*d - 2. Let x(i) = -8*i**3 - 2*i**2 - 3*i + 2. Let l(u) = -6*b(u) - 5*x(u). Let c be (-612)/510 + (-4)/(-10)*-2. Give l(c).
4
Let q(y) = y**2 - 2*y - 1. Let b(f) = f**2 - 3*f - 1. Let i(l) = 3*b(l) - 4*q(l). Let h(t) = 2*t**3 - 2*t**2 - t - 6. Let k be h(2). Calculate i(k).
1
Let y(i) = 6*i**2 + 6*i + 2. Let f(z) = -5*z**2 - 5*z - 2. Let m be (11 + -7)*(-3)/2. Let q(p) = m*y(p) - 7*f(p). Give q(-4).
-10
Let g(s) = s**2 - 2*s - 1. Let b be -3*(1 - 12/36). Give g(b).
7
Let y(m) be the first derivative of -3*m**2/2 + 11*m - 50. Give y(5).
-4
Let y(m) = 2*m**2 - 5*m - 4. Let t(j) = -5*j**2 - 2*j. Let p be t(-2). Let v be (-4)/((-2)/p*-2). Suppose -5*c + c + v = 0. What is y(c)?
8
Let o(u) = u**3 - 6*u**2 + 6*u + 2. Suppose 12*j - 78 + 18 = 0. Give o(j).
7
Let k(w) = -6*w - w + w - 3 + 5 - w**2. Let l(o) = o + 2. Let p be l(-2). Suppose 4*v + 21 + 3 = p. Give k(v).
2
Let q(x) be the second derivative of x**5/20 + 7*x**4/12 - x**3/3 - 4*x**2 - 7*x. Let f be ((-6)/9)/(4/42). What is q(f)?
6
Let f(i) = -3*i - 2. Let l(b) = -6*b + 0*b + 7*b. Let w(h) = f(h) + 4*l(h). Determine w(0).
-2
Let l = -11 - -35. Suppose -2*q - l = 4*s, -s - s + 28 = -4*q. Let g(f) be the third derivative of -f**4/24 - 3*f**3/2 + 9*f**2. Determine g(q).
-1
Let a(g) = -2*g**2 + 4*g - 6. Let s = -24 - -35. Let h = s - 6. Let k(x) = -x**2 + 5*x - 7. Let v(c) = h*k(c) - 6*a(c). Give v(-1).
7
Let k(b) = b**3 + 2. Let w(f) = -2*f + 5. Let m be w(-2). Let q be (-2)/m - (-60)/27. Suppose 0 = -3*x - q*x - 10. What is k(x)?
-6
Suppose -3*v + 2*j + 14 = 0, 5*j + 8 = -3*v - 6. Let z(c) be the first derivative of 3*c - c - 2*c**v + 2*c**3 - 9 + 2*c**3 - 3*c**3. What is z(2)?
6
Let d(t) = -6*t**2 + 4*t + 5. Let c(g) = -g**2 + 3*g. Let j(u) = -5*c(u) + d(u). What is j(-8)?
29
Suppose -2*h = -26 - 64. Let y be (-8)/(-3)*h/(-10). Let a be 12/16 + 33/y. Let f(b) = -b**3 - b**2 - 2*b - 3. Give f(a).
5
Let y be 2/4 + (-58)/4. Suppose -q + 32 = 3*q. Let p = q + y. Let i(r) = r**3 + 5*r**2 - 8*r - 8. What is i(p)?
4
Let y(m) = -m + 1. Let z(q) = 12*q - 11. Suppose 2*c - 25 = -13. Let r(h) = c*z(h) + 66*y(h). Calculate r(1).
6
Let u(j) = 11*j**2 + 7*j - 8. Let g(n) = n**2 + n - 1. Suppose b - 5*s = -8, 3*b = -3*s - 0*s - 60. Let f(p) = b*g(p) + 2*u(p). Let o = 2 + 0. What is f(o)?
10
Suppose -5*k = -4*u - 79, 0*k - 44 = -3*k - u. Suppose k = -4*z - 5*o, -3*z + 3 = 2*o + 9. Let r(t) = -6*t**2 - t - t**3 - 5 - 6*t + z*t. Calculate r(-4).
-9
Suppose -4*v - 5*v - 801 = 0. Let n = -88 - v. Let y(o) = -6*o**3. What is y(n)?
-6
Let b(x) = -x**2 - 2*x - 9. Let f be b(-12). Let u be f/21 + (-2)/(-14). Let c(p) = -p**2 - 8*p - 3. Determine c(u).
9
Suppose 0 = r + 22 + 20. Let a be 74/6 - (-14)/r. Suppose l = -l - z - a, -2*l + 2*z - 12 = 0. Let u(v) = v**2 + 9*v + 7. Determine u(l).
-11
Let t(z) = -2 + 3 - z - 8*z**3 + 10*z**3. Suppose -5*g = 2 - 12. Suppose -g*u - 1 = -3. Give t(u).
2
Let w = 1174 + -1178. Let i(t) = -t**3 - 6*t**2 + 2. What is i(w)?
-30
Suppose 0 = 2*i + i - 3*v - 6, 2*i = -3*v + 24. Let m(d) = i*d + d + 4*d - 10*d. What is m(5)?
5
Let g(f) = -13*f**2 - 9. Let s(j) = 10*j**2 + j + 7. Let o(t) = 3*g(t) + 4*s(t). Calculate o(-2).
-3
Let y(f) = 28*f - 94. Let d(z) = -13*z + 45. Let t(l) = -13*d(l) - 6*y(l). What is t(13)?
-8
Let i(v) = -4*v**2 - 3*v. Let m = 17 - 10. Let n(c) = c**3 - 7*c**2 - c + 9. Let p be n(m). Suppose 2*j - j = -p. Give i(j).
-10
Let r be 57*(-7)/(-2 - 5). Suppose r*w - 18 = 51*w. Let j(x) be the second derivative of -x**5/20 + x**4/3 - x**3/6 - x**2 + x. What is j(w)?
4
Let r(p) be the third derivative of -p**5/20 + p**4/12 + 10*p**3/3 - 15*p**2. Let b(v) be the first derivative of r(v). Give b(2).
-10
Let z(k) = -k. Let w = -12 + 21. Suppose l + 7 = 2*n, 0*n - w = -2*n - l. Give z(n).
-4
Let y(p) be the first derivative of -p**4/4 + 2*p**3/3 - 2*p - 553. Let x = -3 - -4. Let f = x - -1. Calculate y(f).
-2
Let b(z) = -2*z**2 + 2*z - 2. Let l = 3 + 4. Suppose -9*g + 10 = -l*g. Suppose -g*o - s + 13 = 0, -2*o = s + 3*s - 16. Determine b(o).
-6
Suppose -7*l - 144 = 9*l. Let y(g) = -g**3 - 10*g**2 - 7*g + 9. Calculate y(l).
-9
Let y(m) = -8*m - 8. Let b(a) = 8*a + 9. Let d(o) = 4*b(o) + 3*y(o). Let p(q) = 7*q + 11. Let z(v) = -5*d(v) + 6*p(v). Let n = -1391 - -1384. Calculate z(n).
-8
Let l(y) = 5*y**3 + y + 1. Let v(d) = 10*d + 109. Let t be v(-11). Determine l(t).
-5
Let n(h) = -h**2 - 8*h - 10. Let i be (-3)/9*-3*-8. Give n(i).
-10
Let d(l) = 8*l**2 + 67*l + 67. Let n be d(-1). Let s(c) = -4*c + 2. Determine s(n).
-30
Suppose t + 17*t = 18. Let a(h) = -3*h + 1. Let c(p) = -7*p + 3. Let y(g) = -5*a(g) + 2*c(g). Give y(t).
2
Let k(o) be the third derivative of -5*o**4/12 + o**3/3 - 217*o**2. Give k(4).
-38
Let z(x) = 7*x + 14 + 3*x + 5*x - x**2 - 27*x + 3*x. What is z(-12)?
-22
Suppose 2*b = -2*u + 4*b - 4, -5*u + 4*b = 12. Let n(f) = 3*f + 9. Give n(u).
-3
Suppose 0 = 5*t + 3*t + 24. Let i(j) = j + 2. Give i(t).
-1
Let l = -11 + 17. Let r(h) be the third derivative of -h**5/120 - h**4/8 + 7*h**3/6 - 7*h**2. Let o(t) be the first derivative of r(t). Determine o(l).
-9
Let l(y) = 3*y**3 + y**2 + y. Let n be 1 - (-5 + 8/1). What is l(n)?
-22
Let o be 39/(-6)*2*-1. Suppose 0 = 15*l - o*l + 14. Let m(h) = h**2 + 8*h + 8. Calculate m(l).
1
Suppose -v + 33 = 3*p - 11, 0 = -8*p - 4*v + 116. Let x(z) = z**3 - 15*z**2 + z - 20. What is x(p)?
-5
Let p(q) = -3*q**2 - 41 + 4*q**2 + 42 - 2*q. Suppose -2*h = 3*g - 5*h - 3, h - 11 = -5*g. Give p(g).
1
Let b(x) = 2*x**2 - 6*x - 12. Let p be (51/68)/(3/24). Give b(p).
24
Let i(f) be the third derivative of f**7/5040 - f**6/720 - 3*f**5/5 + 24*f**2. Let s(o) be the third derivative of i(o). Calculate s(7).
6
Let k(m) = m**3 - 3*m + 2. Let u(a) = a**3 - 2*a**2 - 2*a + 6. Let c(q) = -q**2 + 7*q + 46. Let r be c(11). Let t be u(r). Calculate k(t).
4
Let b(w) be the second derivative of w**5/20 + w**4/3 - 7*w**3/6 - 3*w**2/2 - 5*w. Suppose 78*v - 75*v + 15 = 0